 z and l.
7
Let w(y) be the third derivative of y**4/24 + y**3/3 - 5*y**2. Let m be w(-1). What is the highest common divisor of 4 and m?
1
Let q = -49 + 113. Let c = 0 + q. What is the highest common divisor of c and 8?
8
Let v = -32 + 63. Let a = -11 + v. What is the highest common factor of 4 and a?
4
Let k = 35 + -13. What is the greatest common divisor of k and 11?
11
Let u be (8 - -1 - 1)/1. Let v = 150 - 78. Calculate the greatest common factor of v and u.
8
Suppose -2*j + 41 = -3*t, j - 4*t - t - 24 = 0. Suppose -6*u + 121 = j. Let l = 33 - u. Calculate the greatest common factor of 48 and l.
16
Let x = -11 + 11. Suppose 3*d = -q - 34, -d = -x*q + q + 34. Let f = 54 + q. Calculate the highest common factor of 4 and f.
4
Let c(v) = 3*v + 18. Let i be c(-6). Suppose i = 3*k - 0*k, -108 = -3*x - 4*k. Let s be (0 - 1)/(2/(-18)). Calculate the highest common divisor of s and x.
9
Suppose x = -5*n - 9, 5*n + 3*x + 12 = 5*x. Let u be 3/n + 306/12. What is the highest common divisor of u and 96?
24
Let n(p) = -p + 39. Let g(b) = -4*b + 43. Let w be g(7). Let i be n(w). What is the greatest common factor of 72 and i?
24
Let m(u) = 7*u**2 - 7*u - 9. Let x be m(-3). Calculate the greatest common divisor of 25 and x.
25
Let p(z) = -z**3 - 2*z**2 + 5. Let x(q) = -5*q**3 - 8*q**2 + 21. Let h(w) = -9*p(w) + 2*x(w). Let v be h(-2). Calculate the greatest common divisor of 65 and v.
13
Suppose -6*x + 4*x + 6 = 0. Suppose -2*z - 4*b + 104 = 0, -x*b + 2*b + 48 = z. What is the highest common divisor of z and 22?
22
Let v be (-4)/(-30) - (-23621)/(-195). Let h = v - -262. Calculate the highest common divisor of h and 47.
47
Suppose 72 + 3 = 5*o. Let c = -170 - -422. Let v = c + -207. What is the highest common factor of v and o?
15
Let p = 1204 + -708. Calculate the greatest common factor of 8 and p.
8
Suppose -138*a + 2862 = -132*a. Calculate the greatest common factor of 9 and a.
9
Suppose 394 = 5*l + 18*i - 15*i, -3*i = 6. Calculate the highest common factor of l and 200.
40
Let m be ((-30)/35)/((-1)/77). Suppose 78 = 15*r - 12. Calculate the greatest common factor of r and m.
6
Suppose -2*k - k - 15 = 0. Let i(m) = -19*m + 8. Let o be i(k). Suppose o = -2*y + 327. Calculate the greatest common divisor of y and 28.
28
Suppose 15 = -11*u + 4173. What is the highest common factor of u and 14?
14
Suppose -18*i = 16*i - 136. Calculate the highest common divisor of i and 108.
4
Let h(o) = 11 - 12 - 2 - 39*o. Let n be h(-1). What is the greatest common factor of 12 and n?
12
Let v(d) = -9*d**3 + d**2 + d + 1. Suppose 0*u = u + 12. Let o = u + 11. Let t be v(o). What is the highest common factor of 110 and t?
10
Let a be (-1)/((-15)/849) + 4/10. Suppose a*b - 60*b + 756 = 0. Calculate the greatest common factor of 28 and b.
28
Let d = 19 - -16. Let t(l) be the first derivative of l**3/3 - 15*l**2/2 + 21*l + 6. Let h be t(14). What is the greatest common divisor of h and d?
7
Let r(l) = l**2 + 25*l + 129. Let j be r(-20). Calculate the highest common divisor of 667 and j.
29
Let j be 2/(-3) - 68/(-12). Suppose j*n + 4 = 6*n. Calculate the highest common divisor of 12 and n.
4
Suppose 0 = g + 3*i - 10, 5*g - 63 = 2*i + 4. What is the greatest common divisor of g and 39?
13
Suppose -39*s - 190 = -49*s. What is the highest common divisor of 57 and s?
19
Let i = -8 - -43. Let g(t) = t**3 + 4*t**2 + 2*t - 3. Let s be g(-3). Suppose s*c - 15 = -3*c. What is the greatest common factor of c and i?
5
Suppose 0 = 3*a - 15, -7*i = -5*i + 5*a - 79. Calculate the greatest common factor of 3375 and i.
27
Let h(a) = 16*a - 11. Let u be h(1). Suppose -5*y - x + 63 - 21 = 0, 2*x = -3*y + 21. Let d = y - u. What is the highest common factor of d and 20?
4
Let k = 40 + 15. Let d(x) = -x**3 - 3*x**2 + 14*x - 2. Let p be ((-28)/21)/(4/18). Let c be d(p). What is the greatest common divisor of c and k?
11
Suppose 0*j = 5*j - 2*o - 16217, 1 = -o. What is the highest common divisor of 141 and j?
141
Suppose 3*v = 2*y + 368, -3*v - 81 = 2*y - 433. What is the greatest common factor of 780 and v?
60
Let k = -688 - -703. Let h be -1*80*(-6)/4. What is the greatest common factor of h and k?
15
Suppose 2*r = -5*a + 13, 2*a + 0*a + 76 = 5*r. Let y be (1 - (2 - 0))*5. Let i be (-423)/(-15) + 1/y. What is the greatest common factor of i and r?
14
Let m be -1 + -1 - (0 + 1). Let z = -2 - m. Let x = -6 - -9. Calculate the highest common divisor of x and z.
1
Let r(v) = v**3 + 14*v**2 - 5*v + 46. Let z be r(-14). Calculate the greatest common factor of z and 754.
58
Let c be (-3)/((-101)/(-330) - 5/15). Let k be c/2 - (5 - 4). What is the highest common factor of 135 and k?
27
Suppose -3*t = -4*t + 5. Let c(q) = -q**3 + 6*q**2 + 3*q - 1. Let a be c(t). What is the greatest common factor of 429 and a?
39
Suppose 7*n - 9*n = -26. Suppose -19 = -r - n. Calculate the highest common factor of 18 and r.
6
Let u(n) = 3*n + 3. Let j be u(3). Let l = -2 + 16. Suppose -a = 8 - l. Calculate the highest common factor of a and j.
6
Let n(s) = 2*s**2 - 6*s + 13. Let b be n(4). Let k = 536 - 340. Suppose 0 = 5*r - k + b. Calculate the greatest common divisor of r and 5.
5
Suppose 3*l - 5*l = -870. Suppose -5*a = 105 - l. Let b = 63 + -41. What is the greatest common factor of b and a?
22
Suppose -4*o + 641 = 3*x - 0*o, -5*x + 2*o + 1077 = 0. What is the greatest common factor of 86 and x?
43
Suppose -2*a - 2*m - 6 = 0, -m = 3*a - 6*m + 25. Let p be 3 - (10/a + 1). What is the greatest common factor of p and 4?
4
Suppose 5*c - 4*u - 408 = 0, -3*u + 5*u + 404 = 5*c. What is the greatest common factor of 64 and c?
16
Suppose 0 = -5*z + 2 - 12. Let v be (3 - 3) + (457 - z). Suppose 4*w - v = w. Calculate the greatest common factor of 17 and w.
17
Let y(z) = 32*z - 3788. Let o be y(119). Let t = 5 + 0. Calculate the greatest common factor of o and t.
5
Suppose 3*l - 34 + 10 = 3*v, 0 = -2*v + 6. Suppose 0 = l*b - b - 230. Calculate the highest common factor of 184 and b.
23
Suppose -2*o = 2*z - 26, 3*z - 7*z + 64 = -2*o. Suppose -626*x = -617*x - 45. Calculate the greatest common factor of z and x.
5
Suppose i + 85 = -741. Let h be (-2)/(-5) + i/(-10). Suppose -5*u + 278 = h. What is the highest common divisor of u and 13?
13
Suppose -12*s = -10*s + 2832. Let q be (s/14)/(-2) + (-28)/49. What is the greatest common divisor of q and 10?
10
Let j be (-2375)/(-76) - (-2)/(-8). Suppose j - 34 = -3*d. Let n be (-1*1)/(2/(-8)). What is the greatest common divisor of d and n?
1
Suppose 0 = 3*s + 8*s - 5720. What is the highest common divisor of s and 30?
10
Let b(h) = h**2 + 7*h + 7. Let j be b(-3). Let c = j + 32. Calculate the highest common factor of c and 9.
9
Suppose 5*u + 5*j + 0*j = 180, 5*u - 194 = 2*j. Let d(p) = p**3 + 26*p**2 - 123*p - 71. Let n be d(-30). What is the greatest common factor of u and n?
19
Let p = 41 - 11. Suppose -5*a - 29 = -t, -p = -5*t + 4*a - 2*a. What is the greatest common divisor of 8 and t?
4
Let x = 51 + -30. Suppose -132 = x*a - 24*a. What is the highest common factor of 11 and a?
11
Suppose -2*c + 3*p = -55 - 9, 5*c - 5*p - 160 = 0. Calculate the highest common divisor of c and 288.
32
Let q = -103 + 163. Calculate the greatest common divisor of q and 390.
30
Let a(z) = z**3 + 12*z**2 + 14*z + 19. Let j be a(-11). Let f be 4/j + 678/21. Suppose -b - 9 = -f. What is the greatest common divisor of b and 23?
23
Let t(s) = -s**2 + 16*s - 16. Let f be t(14). Suppose -z + 0*h + 2*h + 3 = 0, -f = -2*z - 2*h. Calculate the greatest common divisor of 20 and z.
5
Suppose -2*w = 2*w + t - 939, -4*w - 5*t = -935. Suppose 0 = 15*v - 2*v - 611. Calculate the greatest common divisor of v and w.
47
Suppose -5*k + 239 = x, -4*x + 2*k + 860 = -2*k. What is the greatest common factor of 365 and x?
73
Let g(h) = 60*h - 524. Let f be g(10). What is the highest common divisor of f and 19?
19
Suppose -74 = -4*r + 3*i - i, 5*r - 120 = -3*i. Suppose -27*n + 31*n - 60 = -4*u, -2*u = -2*n + 26. Calculate the highest common divisor of r and n.
7
Let v be (-103)/412 + (-290)/(-8). Let w be 2/(-4)*1*-54. Calculate the highest common divisor of v and w.
9
Suppose -3*r = 3*r - 1728. Suppose -36*t - r = -39*t. What is the greatest common factor of 12 and t?
12
Let v(j) = 7*j - 1 + 37*j + 12*j. Let c be v(-1). L